ns digit of i?
1
Suppose 0 = 5*w - 0*w - 30. Let b(o) be the first derivative of -o**4/4 + 2*o**3 + o**2 - 2*o - 40. What is the units digit of b(w)?
0
Suppose 2*n + 4*a = -a + 119, -166 = -3*n - 5*a. Suppose -n = -4*d + 13. What is the units digit of d?
5
Suppose 0 = p + p - 8. Let i be p/26 - 334/(-26). Suppose i = 2*d - 43. What is the tens digit of d?
2
Let x(l) = -l + 23. Let q(b) = -4*b + 87. Let p(i) = -2*q(i) + 9*x(i). Suppose -a = 3*a - 56. What is the tens digit of p(a)?
1
Suppose 0 = 4*y + 5*z - 7763, -z - 843 = -y + 1109. What is the thousands digit of y?
1
Let r = 560 + 1201. What is the hundreds digit of r?
7
Let v be 1*6/24 - (-18)/(-8). What is the units digit of 91/(-21)*v - (-2)/(-3)?
8
Suppose 4*r = -8, -5*r + 2055 = 6*h - h. What is the hundreds digit of h?
4
Suppose -9912 = -3*i + 5*i. Let c be 2/6 - i/(-18). What is the units digit of (c/(-15) - 0)*3?
5
Let l(v) = -3*v + 4*v + 4*v - 3 - 3*v + 7*v**2. Let h be 2/7 - 38*(-8)/112. What is the units digit of l(h)?
6
Suppose 176 = -20*h + 22*h. Suppose -p = -9*p + h. What is the units digit of p?
1
Let r(j) = j**2 - 5*j + 14. Let i be r(-6). Let t = i + -45. Suppose 3*s + t = 2*q, -q = 4*s - 10 - 24. What is the tens digit of q?
2
What is the tens digit of (-9*(-11)/99)/(2/922)?
6
Suppose -j = -4*n - 4435, j - 3*j + 8818 = 5*n. What is the units digit of j?
9
Suppose t = -v + 1, 0 = 2*v + v - 12. Let x be ((-15)/t - 3) + -22. Let o = x + 23. What is the units digit of o?
3
Let d = 53 + 854. What is the hundreds digit of d?
9
What is the units digit of 363 - (-26 - 4)/6?
8
Let t(i) = 29*i**2 - 6*i - 7. What is the tens digit of t(-3)?
7
Let v(w) = 5*w**2 + w - 3. Let t(z) = 25*z**2 + 5*z - 16. Let b(a) = 4*t(a) - 22*v(a). Let r be b(1). What is the tens digit of -4 + 0 + (16 - r)?
2
Suppose -2 = q - 0*q. Suppose -7*m = -2*m - 10. What is the tens digit of (-8)/m - q - -27?
2
Let i = 20 - 12. Let f be (i/2)/((-2)/5). What is the units digit of 1 - f - (-2)/(-2)?
0
What is the hundreds digit of -2 + 1 + 1065 + (-60)/5?
0
Let v(b) = 6*b**2 + 134*b - 30. What is the tens digit of v(12)?
4
Let b(l) = l**2 - 6*l - 5. Let w be b(-5). Suppose -16*p = -27 - 21. Suppose 2*m - w = -m - j, 70 = p*m - 4*j. What is the units digit of m?
8
What is the hundreds digit of ((-20552)/(-12))/(-7)*-3*1?
7
Let g(r) = 4*r + 4. Let x be g(2). Let u = 11 - 6. Suppose 3*l = x, u*v = 5*l + 101 + 84. What is the units digit of v?
1
Suppose 5*t = -5*z + 855, t - 9*z = -7*z + 174. Suppose 3*b + 0*b = -j + t, -2*j = -b - 351. What is the tens digit of j?
7
Let p(d) be the first derivative of -1 + 2 + 3*d**2 + 0*d - 2*d - 2*d. What is the units digit of p(3)?
4
Let w(l) = l**3 - 4*l**2 + 5*l - 4. Let z be (-8)/(-3) + 1/3. Let o be w(z). Suppose -3 = -o*i - 1. What is the units digit of i?
1
Suppose 7*m - 503 + 104 = 0. What is the tens digit of m?
5
Let w be 2/10 - (-14352)/115. Let r = w + -18. Suppose -5*m + r = -2*f, -2*m + 40 = 2*f - 0*f. What is the units digit of m?
1
Suppose -5*q = 3*c - 1901, 0*c - 1161 = -3*q + 5*c. Suppose 0 = 10*o - 848 - q. What is the units digit of o?
3
Let o(s) = 7*s + 27. Let g be o(19). Suppose g = 6*f - f. What is the tens digit of f?
3
Suppose n - 4*n = 5*p - 8311, 5538 = 2*n + 4*p. What is the thousands digit of n?
2
What is the units digit of (-24631)/(-5) - 1 - 36/30?
4
Let q(v) = 64*v**2 - v. Suppose 0 = -6*u + 3*u + 3. What is the units digit of q(u)?
3
Let d = -251 + 619. Suppose 3*s = 7*s - d. What is the tens digit of s?
9
Let b(v) = -52*v**3 - 2*v**2 - 2*v - 1. Let d be b(-1). Let a = d + -15. What is the units digit of a?
6
Let m = 10 + 8. Let s = m - -9. What is the tens digit of s?
2
Suppose -2 = 4*a - 10. Suppose 3*g - 2*y = 357, 4*g + 7*y - a*y - 476 = 0. What is the tens digit of g?
1
What is the tens digit of -186*(-11)/((-66)/(-9))?
7
Let i(a) = -4*a - 13. Let u be i(-10). Let o = u + -8. What is the tens digit of o?
1
Suppose 66*x - 62*x - 16 = 0. Suppose 172 = x*m - 192. What is the tens digit of m?
9
Let d = -39 - -40. What is the tens digit of 84*d/(4/3)?
6
Suppose 0 = 5*p - 2*f - 9124, 4*p - 23*f + 21*f = 7298. What is the tens digit of p?
2
Let r = 25 - 54. Let n = -17 - r. What is the units digit of 378/8 - n/(-16)?
8
Let m(d) = 4 + 0 - 3 + d + 0. Let x be m(1). What is the tens digit of ((-40)/x - 3)*-1?
2
Let y(n) = -17*n - 34. Let j be y(-15). Let p = -42 + j. What is the hundreds digit of p?
1
What is the hundreds digit of 3*5/(-30) + 3585/6?
5
Let l(t) = 296*t - 460. What is the thousands digit of l(7)?
1
Let v(d) be the third derivative of d**5/60 - 19*d**4/24 - 5*d**3/2 - 34*d**2. What is the units digit of v(20)?
5
Let h(p) be the first derivative of p**6/360 + p**4/12 - 4*p**3/3 - 2. Let a(v) be the third derivative of h(v). What is the units digit of a(-2)?
6
Suppose 0 = 3*w - 4*i - 37, -5*w + 85 = -2*i - 0*i. Let t(h) = h - 1. Let q be t(4). Suppose -q*p - 4*f + w = -18, 4*p + 2*f = 46. What is the units digit of p?
1
Suppose -177*s = 4*z - 181*s - 9808, 0 = -3*s - 3. What is the units digit of z?
1
Let z(b) = b + 8. Let f be z(-3). Suppose 167 = 3*n - 4*h, 3*n - f*h - 275 = -2*n. What is the tens digit of n?
5
What is the units digit of (-35)/(-1) - 21/(-3)?
2
Let n = -112 + 109. Let l(z) = -7*z**2 - 2*z**3 + 6*z**2 - 5*z**2 + 3*z**2 + 2*z - 2. What is the units digit of l(n)?
9
Let a = 187 - 102. Let u be (1 - a)*(-115)/(-15). What is the tens digit of u/(-21) - (-2)/(-3)?
3
Suppose -15*b = -17*b - 32. What is the tens digit of 26/(-4)*(b - (-1 + -1))?
9
Let k(g) = -g + 16. Let c be k(14). Let j be (-1 + -3)*1/c. What is the units digit of (0 - (-18)/(-4))*j?
9
Let b be (3/(-4))/(21/(-140)). Suppose -t + 27 = t - 5*z, -b*z = 3*t - 3. What is the units digit of t?
6
Suppose 5*y + 2*c = 3376, 0 = -5*y - 19*c + 18*c + 3378. What is the tens digit of y?
7
Let w = -957 - -2021. What is the units digit of w?
4
Let c be (1 + (-1)/3)/(18/(-21816)). What is the hundreds digit of ((-45)/(-20))/((-6)/c)?
3
Let k = 5 - 3. Suppose k*u + 52 = 6*u. What is the tens digit of u?
1
What is the units digit of (-8 - 31)*10/(-1)?
0
Let r(a) = -9*a - 16. Let f = 35 - 42. What is the units digit of r(f)?
7
Let p be -2 + 2 - (-4)/2. Suppose 0 = 2*u + 3*o - 22, -3*u - o = p*o - 30. What is the units digit of u?
8
Suppose 0 = 3*d + 4*h - 6520, -3*d + 43*h + 6517 = 44*h. What is the units digit of d?
2
Suppose 2*l + 5*f = -17, -l + 6*l + f = 15. Suppose 0 = -2*b + l*u + 230, 3*b + u - 346 = 6*u. What is the units digit of b?
7
Let w(j) = -2*j + 45. Let u be w(20). Suppose -u*d - 54 = -379. What is the tens digit of d?
6
Suppose 2*j - 2 = 0, 2*j = 5*n - 1934 - 349. Suppose 327 = 3*f + 3*r, 4*f = 2*r + r + n. What is the hundreds digit of f?
1
Let n(a) = a**3 - a**2 - a + 1. Let w(r) = -63*r**3 + 6*r**2 + 3*r - 4. Let l(g) = -5*n(g) - w(g). Let s = -40 - -41. What is the tens digit of l(s)?
5
Let k(m) be the third derivative of -m**4/6 - 5*m**3/3 - 5*m**2. What is the units digit of k(-11)?
4
Suppose -5 = -n - 3. Suppose 2*v = -3*r + 18, 18 = -3*r + n*v + 48. Let y = r - -11. What is the tens digit of y?
1
Let k be 327*(1 - 6/9). Suppose -1 - k = 5*c. Let x = 6 - c. What is the tens digit of x?
2
Suppose -173*r - 1701 = -174*r. What is the hundreds digit of r?
7
Let g(b) = b**2 - 2*b + 15. Suppose 2*f - s - 1 + 5 = 0, -8 = f - 2*s. What is the units digit of g(f)?
5
Suppose -4*y - 1 = -5*q + 29, -3*q + 4*y + 26 = 0. Suppose q*w - 1 = -5. What is the units digit of (w/(-4))/(8/464)?
9
Suppose b + 0*b + 8 = 2*v, -b = -5*v + 23. Suppose b*i - 3*i + 45 = 0. Suppose -6*l + 2*l = 4*x - 92, -3*l + 5*x + i = 0. What is the tens digit of l?
2
Let x be (4 - (3 + -1)) + -14. Let a(h) = h**3 + 13*h**2 + 3*h. Let l be a(x). Suppose 4*v + 4*n - l = 0, -v + 0*n = -3*n - 27. What is the units digit of v?
7
What is the units digit of (410/(-50))/((-5)/275)?
1
Let j be -4 - (-2 - 1) - -5. Suppose 0 = -9*i + j*i + 390. What is the units digit of i?
8
Suppose 0 = v - 4*i + 9, -84 = 4*v + 30*i - 34*i. Let t be -1 + 0 + (-287 - 0). What is the tens digit of t/(-10) + (-5)/v?
2
Suppose 5*d + 100 + 5 = 3*c, 3*c - 81 = -3*d. Let q = c - 17. Suppose -l - 10 = -q. What is the units digit of l?
3
Let i(v) = -5*v - 3*v**2 + 7*v - 12 + 2*v**2 + 11*v. What is the units digit of i(8)?
8
Suppos